{"id":1495,"date":"2024-10-10T11:43:20","date_gmt":"2024-10-10T14:43:20","guid":{"rendered":"https:\/\/nagatoinformatica.com.br\/?post_type=product&#038;p=1495"},"modified":"2024-10-10T11:43:20","modified_gmt":"2024-10-10T14:43:20","slug":"kit-upgrade-gamer-intel-i5-8400-cooler-h310","status":"publish","type":"product","link":"https:\/\/nagatoinformatica.com.br\/?product=kit-upgrade-gamer-intel-i5-8400-cooler-h310","title":{"rendered":"Kit Upgrade Gamer Intel I5-8400 +cooler + H310"},"content":{"rendered":"<p>PROCESSADOR + PLACA M\u00c3E<\/p>\n<p>*ESSE PROCESSADOR POSSUI V\u00cdDEO INTEGRADO*<\/p>\n<p>Especifica\u00e7\u00f5es:<\/p>\n<p>PROCESSADOR Intel i5-8400<br \/>\n&#8211; Modelo: i5-8400<br \/>\n&#8211; Socket: LGA1151<br \/>\n&#8211; N\u00facleos: 6<br \/>\n&#8211; Threads: 6<br \/>\n&#8211; Gr\u00e1ficos: UHD Intel 630<br \/>\n&#8211; Frequ\u00eancia Boost: 4.00 GHz<br \/>\n&#8211; Cache: 9MB<br \/>\n&#8211; TDP: 65W<\/p>\n<p>PLACA M\u00c3E H310:<br \/>\n&#8211; A placa-m\u00e3e \u00e9 respons\u00e1vel pela interconex\u00e3o de todos os componentes que formam o computador.<br \/>\n&#8211; Modelo: H310<br \/>\n&#8211; Suporta processadores de 8\u00b0\/9\u00b0 Gera\u00e7\u00e3o Intel Core i7\/i5\/i3\/ Pentium \/Celeron no pacote LGA 1151.<br \/>\n&#8211; Formato: M-ATX<\/p>\n<p>*Acompanha Cooler<\/p>\n<p>SKU: KIT-MP-Mancer-36112<\/p>\n","protected":false},"excerpt":{"rendered":"<p>PROCESSADOR + PLACA M\u00c3E *ESSE PROCESSADOR POSSUI V\u00cdDEO INTEGRADO* Especifica\u00e7\u00f5es: PROCESSADOR Intel i5-8400 &#8211; Modelo: i5-8400 &#8211; Socket: LGA1151 &#8211; N\u00facleos: 6 &#8211; Threads: 6 &#8211; Gr\u00e1ficos: UHD Intel 630 &#8211; Frequ\u00eancia Boost: 4.00 GHz &#8211; Cache: 9MB &#8211; TDP: 65W PLACA M\u00c3E H310: &#8211; A placa-m\u00e3e \u00e9 respons\u00e1vel pela interconex\u00e3o de todos os componentes [&hellip;]<\/p>\n","protected":false},"featured_media":1496,"comment_status":"closed","ping_status":"closed","template":"","meta":{"site-sidebar-layout":"default","site-content-layout":"","ast-site-content-layout":"default","site-content-style":"default","site-sidebar-style":"default","ast-global-header-display":"","ast-banner-title-visibility":"","ast-main-header-display":"","ast-hfb-above-header-display":"","ast-hfb-below-header-display":"","ast-hfb-mobile-header-display":"","site-post-title":"","ast-breadcrumbs-content":"","ast-featured-img":"","footer-sml-layout":"","ast-disable-related-posts":"","theme-transparent-header-meta":"default","adv-header-id-meta":"","stick-header-meta":"","header-above-stick-meta":"","header-main-stick-meta":"","header-below-stick-meta":"","astra-migrate-meta-layouts":"set","ast-page-background-enabled":"default","ast-page-background-meta":{"desktop":{"background-color":"","background-image":"","background-repeat":"repeat","background-position":"center center","background-size":"auto","background-attachment":"scroll","background-type":"","background-media":"","overlay-type":"","overlay-color":"","overlay-opacity":"","overlay-gradient":""},"tablet":{"background-color":"","background-image":"","background-repeat":"repeat","background-position":"center center","background-size":"auto","background-attachment":"scroll","background-type":"","background-media":"","overlay-type":"","overlay-color":"","overlay-opacity":"","overlay-gradient":""},"mobile":{"background-color":"","background-image":"","background-repeat":"repeat","background-position":"center center","background-size":"auto","background-attachment":"scroll","background-type":"","background-media":"","overlay-type":"","overlay-color":"","overlay-opacity":"","overlay-gradient":""}},"ast-content-background-meta":{"desktop":{"background-color":"var(--ast-global-color-5)","background-image":"","background-repeat":"repeat","background-position":"center center","background-size":"auto","background-attachment":"scroll","background-type":"","background-media":"","overlay-type":"","overlay-color":"","overlay-opacity":"","overlay-gradient":""},"tablet":{"background-color":"var(--ast-global-color-5)","background-image":"","background-repeat":"repeat","background-position":"center center","background-size":"auto","background-attachment":"scroll","background-type":"","background-media":"","overlay-type":"","overlay-color":"","overlay-opacity":"","overlay-gradient":""},"mobile":{"background-color":"var(--ast-global-color-5)","background-image":"","background-repeat":"repeat","background-position":"center center","background-size":"auto","background-attachment":"scroll","background-type":"","background-media":"","overlay-type":"","overlay-color":"","overlay-opacity":"","overlay-gradient":""}}},"product_brand":[],"product_cat":[26],"product_tag":[],"class_list":{"0":"post-1495","1":"product","2":"type-product","3":"status-publish","4":"has-post-thumbnail","6":"product_cat-sem-categoria","7":"desktop-align-left","8":"tablet-align-left","9":"mobile-align-left","11":"first","12":"onbackorder","13":"shipping-taxable","14":"purchasable","15":"product-type-simple"},"jetpack_sharing_enabled":true,"_links":{"self":[{"href":"https:\/\/nagatoinformatica.com.br\/index.php?rest_route=\/wp\/v2\/product\/1495","targetHints":{"allow":["GET"]}}],"collection":[{"href":"https:\/\/nagatoinformatica.com.br\/index.php?rest_route=\/wp\/v2\/product"}],"about":[{"href":"https:\/\/nagatoinformatica.com.br\/index.php?rest_route=\/wp\/v2\/types\/product"}],"replies":[{"embeddable":true,"href":"https:\/\/nagatoinformatica.com.br\/index.php?rest_route=%2Fwp%2Fv2%2Fcomments&post=1495"}],"wp:featuredmedia":[{"embeddable":true,"href":"https:\/\/nagatoinformatica.com.br\/index.php?rest_route=\/wp\/v2\/media\/1496"}],"wp:attachment":[{"href":"https:\/\/nagatoinformatica.com.br\/index.php?rest_route=%2Fwp%2Fv2%2Fmedia&parent=1495"}],"wp:term":[{"taxonomy":"product_brand","embeddable":true,"href":"https:\/\/nagatoinformatica.com.br\/index.php?rest_route=%2Fwp%2Fv2%2Fproduct_brand&post=1495"},{"taxonomy":"product_cat","embeddable":true,"href":"https:\/\/nagatoinformatica.com.br\/index.php?rest_route=%2Fwp%2Fv2%2Fproduct_cat&post=1495"},{"taxonomy":"product_tag","embeddable":true,"href":"https:\/\/nagatoinformatica.com.br\/index.php?rest_route=%2Fwp%2Fv2%2Fproduct_tag&post=1495"}],"curies":[{"name":"wp","href":"https:\/\/api.w.org\/{rel}","templated":true}]}}